*(-510)/(-4)?
8
Let q = -2125 - -4874. What is the tens digit of q?
4
Suppose 2*k - 4*o = 22, k - o - 3*o - 1 = 0. Let l = 27 + 15. Suppose k + l = w. What is the tens digit of w?
6
Let i = -67 + 479. What is the units digit of i?
2
Let k = -23 - -16. Let r = k - -7. Suppose 6*l + 0*l - 30 = r. What is the units digit of l?
5
Let i = -81 + 134. Suppose -78 = -2*d - 4*k, 0*d - i = -d + 5*k. Suppose 4*o - h - 158 = 0, o - h = h + d. What is the tens digit of o?
3
Suppose -19*d = -14*d - 400. Let g = d + -37. What is the tens digit of g?
4
Suppose -818 = -13*s + 66. What is the units digit of s?
8
Suppose 4*a - 9*a - b + 1209 = 0, -5*b - 1185 = -5*a. Suppose 44*n - 31*n = 1040. Suppose 4*r = -3*g + a - n, -5*r - g = -193. What is the tens digit of r?
3
Let p = -36 + 36. Suppose -z = -2*d - 0*d - 44, -3*z - 4*d + 122 = p. What is the tens digit of z?
4
What is the thousands digit of (-6238)/(-18 + 16) + 7*-1?
3
Suppose 2*b = 7 + 1. Suppose b*y - 316 = 4*p, 6*p = 2*y + 2*p - 152. Let j = -22 + y. What is the tens digit of j?
6
Let g(y) = -103*y + 3. What is the tens digit of g(-9)?
3
Let y be 3/((-230)/(-114) + -2). Let z = y - 108. What is the units digit of z?
3
Suppose -2*i - 24 = 2*i. Let x be (-980)/(-42)*i/(-4). What is the units digit of x/14*(1 + 19)?
0
Let w(n) = n**3 + 3*n**2 + n + 2. Let v be w(-3). Let u be v/2 - (-165)/6. Let a = -20 + u. What is the units digit of a?
7
Let l be -9*(20/(-6))/(-5). What is the tens digit of 313/3 + 2/l?
0
Suppose 0 = -2*d + 4*p + 40, 3*d = d + p + 28. Suppose d = -r + 240. What is the units digit of r?
8
Let m(d) = -6*d - 1 + 3 + d**2 - 3. What is the units digit of m(11)?
4
Let h = -6074 + 10148. What is the tens digit of h?
7
Let r(l) = 4*l - 2*l - 11 + 4*l - 4*l. Let s be r(8). Suppose 0 = s*x - 63 + 3. What is the units digit of x?
2
Let t = -4 + 8. Suppose t = 4*r - 6*r, 3*c - 3*r = 108. Suppose 5*h = -c + 84. What is the units digit of h?
0
Suppose -3054 = -10*t + 4*t. What is the units digit of t?
9
What is the tens digit of (-5296)/24*(-3)/2?
3
Suppose -o + 14 = 5*u, o = -o - 5*u + 18. Suppose -l - 5*s = -21, -4*l - o*s + 39 = s. What is the tens digit of (-2)/2 - (-9 - l)?
1
Suppose 2*b + h = 2447, 5*h = 3*b - 4678 + 988. What is the tens digit of b?
2
Suppose 0 = 5*i + 3*w - 1403, 5*i - 9*i = -3*w - 1144. Let l = 444 - i. What is the tens digit of l?
6
Let l(d) = d**3 - 4*d**2 + 3*d - 10. Let x be l(4). Let t(q) = 22*q + 1. What is the units digit of t(x)?
5
Suppose 3*r - 102 = -3*z, -z - 5*r + 100 = 2*z. Let i = z + -19. What is the tens digit of i?
1
Let w = -46 - -17. Let j = w - -37. What is the units digit of j?
8
Suppose 40*j = 45*j - 2240. What is the units digit of j?
8
Suppose 2*y - 3*y = -156. Suppose 2*q + 5 = p, -p + 1 = 3*q + 6. What is the units digit of (q/6)/((-2)/y)?
6
Suppose -3*y - w + 0*w - 125 = 0, 0 = 4*w - 4. Let r = y - -106. What is the units digit of -12*(r/(-12))/2?
2
Let z = -810 + 820. What is the tens digit of z?
1
Suppose 16755 = 18*u - 10353. What is the units digit of u?
6
Let l(h) = -17*h**2 - h**3 - 15 + 36 - 135*h + 120*h. Let v be l(-16). Suppose v*p = 210 - 10. What is the tens digit of p?
4
What is the hundreds digit of 10/(-40) - (-9556)/16?
5
What is the units digit of (-10 - 1)/(8/(-40))?
5
Let v(k) = -4*k**3 + 6*k**2 + 2*k - 3. What is the tens digit of v(-4)?
4
Let h(r) = r**3 + 10*r**2 + 6. Suppose -2*w - 1 = 13. What is the hundreds digit of h(w)?
1
Suppose -5*i + w + 75 = 0, -5*w = -4*i + i + 45. Let s be -8 - -5 - i/(-3). Suppose 0 = s*c + 4*c - 96. What is the tens digit of c?
1
Suppose -3*h = -1470 + 312. Suppose 0 = 5*t + 56 - h. What is the units digit of t?
6
Suppose 4 = l - 4*z - 2, 0 = -l - 4*z - 18. Let o(n) = -1. Let d(r) = -6*r - 14. Let u(w) = l*o(w) - d(w). What is the units digit of u(5)?
0
Suppose 96 = j - 160. Let v = j + -163. What is the tens digit of v?
9
Let i = 5 - 8. Let p = 16 + i. Suppose -3*t + 2 = -p. What is the units digit of t?
5
Let t = 77 - 143. Let q be (-8)/(-2) + 1 + 98. Let v = t + q. What is the units digit of v?
7
Let l be -32*(-27)/24*2. Suppose 0*k - 4*k + l = 0. Let z = 4 + k. What is the tens digit of z?
2
Suppose 0 = -6*r + 4*k + 1288, 390 = 5*r + 4*k - 676. What is the hundreds digit of r?
2
Suppose 0 = t + 4 - 25. Suppose 50 = 5*p - 5*r, p + 5*r - t = 7. Suppose -m + p = -11. What is the tens digit of m?
2
Let f be (-1)/5 - 13/(-65). Let i = 43 - 15. Let m = f + i. What is the units digit of m?
8
Let y = -1239 - -5281. What is the tens digit of y?
4
Let w(i) = -i + 1. Let t(g) = 7*g + 4. Let u(l) = -t(l) + 6*w(l). What is the units digit of u(-1)?
5
Suppose -27 + 30 = r. Suppose 0 = r*o + 3 - 189. What is the units digit of o?
2
Let t be 3*((-5)/15)/1. What is the units digit of 16 + -1 + t + 0?
4
Suppose 5*p - 350 - 975 = -4*i, 3*i - 2*p = 1011. What is the hundreds digit of i?
3
Let v be 38*(3 - (-9)/3). Let y = -116 + v. Suppose y = 5*p - 5*f + 42, 4*p = 3*f + 53. What is the tens digit of p?
1
Let d = 834 - 463. What is the hundreds digit of d?
3
Let u be -3 + (171 - -1)/1. Let i = -57 + u. What is the hundreds digit of i?
1
Let n be 2 + -1 + 0 + 4. Suppose n*y = 243 - 28. Suppose -3*l + y = -65. What is the tens digit of l?
3
Let y be 11/(-44) + (189/4 - 1). Let h = y + 19. What is the tens digit of h?
6
Let f be 104/(-39)*(-1 - 20). Suppose -2*q = -f - 0. What is the tens digit of q?
2
Suppose 38 = 3*w - 166. Suppose 5*d - 4*n + w - 488 = 0, -5*d = -5*n - 425. What is the tens digit of d?
8
Let w be (-525)/(-10)*102/9. Suppose -6*h + w = h. What is the tens digit of h?
8
What is the thousands digit of (-3)/(18/(-23871)) - 111/74?
3
Let f(u) = -u**3 - 8*u**2 - 3*u + 48. What is the hundreds digit of f(-10)?
2
Suppose 108 - 45 = y + 5*v, 0 = -2*y + 2*v + 126. Let n = y + -38. What is the tens digit of n?
2
Let d(p) = -7*p**3 + 30*p**2 + 25*p - 63. Let u(g) = 3*g**3 - 15*g**2 - 12*g + 31. Let m(y) = -2*d(y) - 5*u(y). What is the tens digit of m(15)?
2
Let d = -28 - -76. Let r = 16 + d. What is the tens digit of r?
6
Let o = 106 + -110. What is the hundreds digit of 175 - (o - -1 - -2)?
1
Let a(y) = -2*y**2 + 5*y - 28. Let c be a(17). Let f = -248 - c. What is the units digit of f?
3
Let o = 38 + -42. Let y(g) be the third derivative of g**6/120 + g**5/12 - g**4/12 + g**2. What is the tens digit of y(o)?
2
Let x(t) = t**3 - 18*t**2 - 26*t + 82. What is the tens digit of x(20)?
6
Suppose -z = -4*p - 6 - 118, 0 = -z + 5*p + 122. Suppose 5*v = -5*h + 2*v + 149, -4*h + 4*v = -z. Suppose -151 = -3*w - h. What is the tens digit of w?
4
Let w = 79 - 79. Suppose h - 6*t = -2*t + 116, w = 3*h - 2*t - 398. What is the units digit of h?
6
Let k = 1981 - 1284. What is the tens digit of k?
9
Let h(t) = t**3 + t**2 + t + 53. Suppose 2*r + 3*c = 9, -c = 3*r - 2*c + 3. What is the units digit of h(r)?
3
Let b(d) = -d**3 - 7*d**2 + 20*d - 12. What is the units digit of b(-12)?
8
Let q(p) = -6*p - 8. Let n be q(-2). Suppose 0 = n*t - 3*u, 4*t + 5*u - 20 = 3*u. What is the units digit of t?
3
Suppose 3*z = 2*j - z - 1294, j - 5*z = 632. What is the units digit of j?
7
Let w(k) = 3*k - 24. Suppose 4*u + 5*n = 52, 0*u = -3*u + 5*n + 39. Let b be w(u). Suppose -o = b - 55. What is the units digit of o?
0
Suppose -3*h - 4*w + 748 = 0, -3*w = -0*w + 15. What is the hundreds digit of h?
2
Let f = 14 + -12. Let w be 19/(-3) - f/3. Let m = 0 - w. What is the units digit of m?
7
Let f = -1 + -57. Let d = -7 - f. Suppose -3*c = -3, 3*z - z + c = d. What is the tens digit of z?
2
Let h = -981 + 1986. What is the hundreds digit of h?
0
Suppose 2*g = -f - 57, 8*f + 2*g = 4*f - 246. Let b = f - -90. What is the tens digit of b?
2
Let g(o) = 8 + 2*o + 7*o - 2*o. Let m be g(-4). Let p = 4 - m. What is the units digit of p?
4
Suppose -3*q = -3*y - 0*q - 12, 0 = 2*y + q - 7. What is the tens digit of (15/(3/y) - 3) + 35?
3
Let j = 196 + -13. What is the hundreds digit of j?
1
Suppose 2*r - 2*l + 5*l = 0, 7 = r - 2*l. Let v be (-4)/r*15/(-10). Suppose 0 = 4*y - v*y - 66. What is the tens digit of y?
3
Let g be (-14)/(-91) + (-8379)/(-39) + 3. Suppose -3*q = -d - 0*q + g, 4*q = 5*d - 1090. What is the tens digit of d?
1
Let x(n) = n**3 + 29*n**2 - 6*n + 13. What is the hundreds digit of x(-10)?
9
Suppose -3*f + 207 = 2*x - 3*x, f - 4 =